375658939 prime?
True
Is 23037469219 prime?
True
Is 34565128517 composite?
False
Is 2254364341 a composite number?
False
Is 610534777 composite?
True
Is 258743687 composite?
False
Is 104208199 a composite number?
True
Is 9877239005 prime?
False
Is 108715597 composite?
False
Is 6122581919 a composite number?
True
Is 347190937 prime?
True
Is 479247161 a composite number?
False
Is 1476077143 composite?
False
Is 63283508957 composite?
False
Is 4803552847 a prime number?
True
Is 590169547 a prime number?
False
Is 60883210621 a prime number?
True
Is 6112860353 composite?
True
Is 15221471285 a prime number?
False
Is 26466435353 a composite number?
True
Is 47179916201 a prime number?
False
Is 27515691383 composite?
False
Is 16805562409 composite?
True
Is 17774300881 prime?
True
Is 10080861023 prime?
False
Is 28850697707 composite?
True
Is 11729904099 a prime number?
False
Is 3765429559 prime?
True
Is 105928003585 a composite number?
True
Is 5482016887 a composite number?
False
Is 3820499281 prime?
True
Is 76585476829 a composite number?
False
Is 12638549149 a prime number?
True
Is 99125371 a composite number?
True
Is 1143518231 a prime number?
False
Is 104662027 a prime number?
False
Is 8710747559 prime?
True
Is 5101003481 a prime number?
False
Is 45188341481 composite?
False
Is 992806667 prime?
False
Is 16593034049 prime?
False
Is 3508892243 composite?
False
Is 67776217673 a composite number?
False
Is 8222063449 composite?
False
Is 18993724546 a composite number?
True
Is 60009939959 composite?
False
Is 911787761 composite?
False
Is 6040459643 a prime number?
False
Is 3329944831 a prime number?
True
Is 1037743183 a prime number?
True
Is 1679715113 a composite number?
False
Is 4243157491 composite?
False
Is 3902997739 composite?
True
Is 3215038181 a prime number?
False
Is 13302010115 a prime number?
False
Is 35249044697 composite?
True
Is 217137887 prime?
True
Is 10642921453 a prime number?
True
Is 16773051353 prime?
True
Is 13377183679 a composite number?
True
Is 26967315647 composite?
False
Is 3226820437 composite?
True
Is 510570871 a prime number?
True
Is 15107106523 prime?
True
Is 2366064287 a prime number?
True
Is 58960441 a prime number?
True
Is 3205035481 composite?
False
Is 33701789 composite?
True
Is 88693510415 a composite number?
True
Is 4944120991 a prime number?
True
Is 3001537681 a composite number?
True
Is 58300536577 a composite number?
False
Is 24188661631 a composite number?
False
Is 3767782451 a composite number?
False
Is 27124987297 prime?
False
Is 4710576413 a prime number?
True
Is 9079496603 prime?
True
Is 24701409803 prime?
False
Is 257247841937 prime?
True
Is 2343970306 prime?
False
Is 14705801213 a prime number?
True
Is 237416929 composite?
False
Is 33500587919 composite?
False
Is 965376411 prime?
False
Is 35768391259 a prime number?
False
Is 31960463 a composite number?
True
Is 468672544985 a prime number?
False
Is 653085263 prime?
False
Is 14780071457 a composite number?
False
Is 493075901 prime?
False
Is 72448441471 a prime number?
False
Is 30037589537 prime?
True
Is 5638738741 composite?
True
Is 61778531 a composite number?
True
Is 539169017 composite?
False
Is 5970345139 composite?
True
Is 111511217 composite?
False
Is 620008559 a prime number?
True
Is 107116963 composite?
True
Is 2868011873 composite?
False
Is 1163457991 a composite number?
False
Is 5576238533 a composite number?
False
Is 12965625245 prime?
False
Is 1883790215 a prime number?
False
Is 4955749961 composite?
False
Is 97373663929 a composite number?
True
Is 202217971 a prime number?
True
Is 4974162053 prime?
False
Is 863074637 a prime number?
False
Is 44590988713 a prime number?
True
Is 14149182277 a composite number?
False
Is 4211872311 a prime number?
False
Is 204943412959 prime?
False
Is 316247699 a prime number?
False
Is 448904669 composite?
True
Is 3897216097 a prime number?
True
Is 518924921 prime?
False
Is 9548347547 a prime number?
True
Is 1015784837 composite?
True
Is 319562654 prime?
False
Is 1677743269 a composite number?
False
Is 9933409987 a composite number?
True
Is 225816739 composite?
False
Is 6714302771 prime?
False
Is 57070409135 a prime number?
False
Is 4520999461 prime?
False
Is 420727369 composite?
True
Is 269405147 prime?
False
Is 947896741 a prime number?
False
Is 301919263 composite?
False
Is 214057337 composite?
True
Is 65893043197 prime?
False
Is 401677907 a composite number?
True
Is 241706021 a prime number?
False
Is 1190829946 a composite number?
True
Is 33701111267 prime?
True
Is 146998213487 composite?
False
Is 7681239581 prime?
False
Is 211253965639 composite?
True
Is 3080336771 prime?
False
Is 14064299593 composite?
True
Is 2169681707 a prime number?
False
Is 13547381707 a composite number?
True
Is 21538451771 prime?
False
Is 12913789481 a prime number?
True
Is 1656076531 a composite number?
True
Is 2021292353 a composite number?
False
Is 9784729573 a prime number?
False
Is 4910011831 a composite number?
True
Is 1213516537 a composite number?
True
Is 971581463 prime?
False
Is 4967330491 composite?
True
Is 1350019069 composite?
True
Is 2728861493 prime?
False
Is 163482016769 prime?
True
Is 245925661 a composite number?
False
Is 3247258277 a prime number?
False
Is 3150556543 prime?
True
Is 804317417 a composite number?
False
Is 195304050083 a prime number?
False
Is 7597423417 a composite number?
False
Is 460147447 prime?
False
Is 26444085827 a composite number?
True
Is 243277097 prime?
False
Is 3693028231 a prime number?
False
Is 569503229 a composite number?
False
Is 1032322513 prime?
True
Is 35719942767 prime?
False
Is 767074211 a composite number?
True
Is 114706845437 composite?
True
Is 99526604269 composite?
False
Is 39259723 a prime number?
True
Is 35695456619 a prime number?
True
Is 3136952323 composite?
False
Is 33728131369 composite?
False
Is 1407248279 prime?
True
Is 2639515751 prime?
False
Is 4960384046 prime?
False
Is 23289044329 a composite number?
False
Is 76193415917 a prime number?
True
Is 173675614007 prime?
False
Is 89603263 composite?
False
Is 274770931 a composite number?
False
Is 2525441591 a composite number?
False
Is 1315846193 a prime number?
False
Is 1185796559 prime?
True
Is 153472877 composite?
False
Is 2585122313 composite?
True
Is 14183154173 a composite number?
False
Is 2183852747 a composite number?
True
Is 15611779531 a prime number?
False
Is 1067351159 a prime number?
False
Is 1032646457 prime?
True
Is 7954085801 composite?
False
Is 585795239 a prime number?
True
Is 1310824043 composite?
False
Is 2164727651 composite?
True
Is 4910583266 a prime number?
False
Is 55724243 composite?
False
Is 463085167 prime?
False
Is 5657804623 a composite number?
False
Is 5363099059 a composite number?
False
Is 19377971 prime?
True
Is 2480201653 a prime number?
True
Is 521317411 composite?
True
Is 5108305409 a composite number?
True
Is 17299485089 prime?
True
Is 244988597 a composite number?
True
Is 14166624499 a composite number?
False
Is 2788933369 composite?
True
Is 13755875713 prime?
True
Is 5957719093 a composite number?
True
Is 21725748307 a prime number?
True
Is 6466601929 prime?
False
Is 86484302837 composite?
False
Is 2212563187 a composite number?
True
Is 41003365651 composite?
False
Is 13316149193 a prime number?
True
Is 1465620931 a composite number?
True
Is 694394929 a prime number?
True
Is 13749170599 a composite number?
True
Is 108431137 a composite number?
True
Is 45072943367 a composite number?
False
Is 55791767539 a prime number?
True
Is 2581565669 prime?
True
Is 2902575917 composite?
False
Is 218275049 a prime number?
True
Is 36120841667 a composite number?
True
Is 1541004805 composite?
True
Is 549401311 a prime number?
False
Is 326499872021 a prime number?
True
Is 380255119 a prime number?
True
Is 644759131 composite?
False
Is 12866597 a composite number?
True
Is 6898910293 prime?
False
Is 539845291 a composite number?
True
Is 8729011969 a composite number?
False
Is 2656077577 composite?
False
Is 3552684959 a composite number?
True
Is 107619839 a prime number?
False
Is 35185003199 a prime number?
False
Is 16083242831 a prime number?
False
Is 4187531629 composite?
False
Is 24609088193 prime?
False
Is 115197679 a prime number?
True
Is 253635097 composite?
False
Is 28733614837 composite?
False